{"id":1166,"date":"2019-09-16T17:31:52","date_gmt":"2019-09-16T17:31:52","guid":{"rendered":"https:\/\/www.framici.de\/?page_id=1166"},"modified":"2025-03-01T17:37:59","modified_gmt":"2025-03-01T17:37:59","slug":"downloads","status":"publish","type":"page","link":"https:\/\/www.framici.de\/?page_id=1166","title":{"rendered":"Mitgliedsantrag, Satzung, Vertrag"},"content":{"rendered":"<p>Satzung<\/p>\n<p><a href=\"https:\/\/www.framici.de\/wp-content\/uploads\/2019\/09\/ValmadreraSatzungFINJan19.pdf\">ValmadreraSatzungFINJan19<\/a><\/p>\n<p>&nbsp;<\/p>\n<p>Mitgliedsantrag der &#8222;Freunde Valmadreras e.V&#8220;<\/p>\n<p><a href=\"https:\/\/www.framici.de\/wp-content\/uploads\/2024\/05\/Aufnahmeantrag-und-Beitragsordnung_2024.pdf\">Aufnahmeantrag und Beitragsordnung_2024<\/a><\/p>\n<p>&nbsp;<\/p>\n<p><strong>Die Originale der Vertr\u00e4ge mit Unterschriften liegen in den jeweiligen Rath\u00e4usern aus<\/strong><\/p>\n<p>Vertrag der St\u00e4dtepartnerschaft in Valmadrera unterzeichnet am 04.Juni 2017<\/p>\n<p><a href=\"https:\/\/www.framici.de\/wp-content\/uploads\/2019\/09\/ValmadreraVertragFinalMar17.pdf\">ValmadreraVertragFinalMar17<\/a><\/p>\n<p>&nbsp;<\/p>\n<p>Vertrag der St\u00e4departnerschaft in Wei\u00dfenhorn unterzeichnet am 01.Oktober 2017<\/p>\n<p><a href=\"https:\/\/www.framici.de\/wp-content\/uploads\/2019\/09\/ValmadreraVertragBestOkt17Ent3D.pdf\">ValmadreraVertragBestOkt17Ent3D<\/a><\/p>\n<p>&nbsp;<\/p>\n<p>Urkunde Ehrenb\u00fcrgerschaft Ursula Schramm, 1. Vorsitzende<\/p>\n<p><a href=\"https:\/\/www.framici.de\/wp-content\/uploads\/2024\/12\/Urkunde-Ehrenbuerger_Ursula-Schramm.pdf\">Urkunde Ehrenb\u00fcrgerschaft_Ursula Schramm<\/a><\/p>\n<p>&nbsp;<\/p>\n","protected":false},"excerpt":{"rendered":"<p>Satzung ValmadreraSatzungFINJan19 &nbsp; Mitgliedsantrag der &#8222;Freunde Valmadreras e.V&#8220; Aufnahmeantrag und Beitragsordnung_2024 &nbsp; Die Originale der Vertr\u00e4ge mit Unterschriften liegen in den jeweiligen Rath\u00e4usern aus Vertrag der St\u00e4dtepartnerschaft in Valmadrera unterzeichnet am 04.Juni 2017 ValmadreraVertragFinalMar17 &nbsp; Vertrag der St\u00e4departnerschaft in Wei\u00dfenhorn unterzeichnet am 01.Oktober 2017 ValmadreraVertragBestOkt17Ent3D &nbsp; Urkunde Ehrenb\u00fcrgerschaft Ursula Schramm, 1. Vorsitzende Urkunde Ehrenb\u00fcrgerschaft_Ursula Schramm &nbsp;<\/p>\n","protected":false},"author":1,"featured_media":0,"parent":8,"menu_order":0,"comment_status":"closed","ping_status":"closed","template":"","meta":{"ngg_post_thumbnail":0,"footnotes":""},"class_list":["post-1166","page","type-page","status-publish","hentry"],"_links":{"self":[{"href":"https:\/\/www.framici.de\/index.php?rest_route=\/wp\/v2\/pages\/1166","targetHints":{"allow":["GET"]}}],"collection":[{"href":"https:\/\/www.framici.de\/index.php?rest_route=\/wp\/v2\/pages"}],"about":[{"href":"https:\/\/www.framici.de\/index.php?rest_route=\/wp\/v2\/types\/page"}],"author":[{"embeddable":true,"href":"https:\/\/www.framici.de\/index.php?rest_route=\/wp\/v2\/users\/1"}],"replies":[{"embeddable":true,"href":"https:\/\/www.framici.de\/index.php?rest_route=%2Fwp%2Fv2%2Fcomments&post=1166"}],"version-history":[{"count":26,"href":"https:\/\/www.framici.de\/index.php?rest_route=\/wp\/v2\/pages\/1166\/revisions"}],"predecessor-version":[{"id":9149,"href":"https:\/\/www.framici.de\/index.php?rest_route=\/wp\/v2\/pages\/1166\/revisions\/9149"}],"up":[{"embeddable":true,"href":"https:\/\/www.framici.de\/index.php?rest_route=\/wp\/v2\/pages\/8"}],"wp:attachment":[{"href":"https:\/\/www.framici.de\/index.php?rest_route=%2Fwp%2Fv2%2Fmedia&parent=1166"}],"curies":[{"name":"wp","href":"https:\/\/api.w.org\/{rel}","templated":true}]}}